pose 4*v + 7*z = 2*z + 44, 0 = -2*v + 2*z + 4. Suppose 6 = g - 2*a, -2*a = 3*g - v*a - 12. Suppose 2*r - 322 = -g*r. Is r prime?
False
Is ((-29821)/2)/(-11 + (-252)/(-24)) a composite number?
True
Let r = 21 + 55. Suppose 3*n = n - r. Let j = n + 197. Is j a prime number?
False
Is (41/(11 - 12))/((-2)/662) a prime number?
False
Suppose 154513 + 17052 = 5*h. Is h composite?
False
Let q(r) = -r**3 - 1. Let h(m) = -6*m**3 - 2*m**2 - 2*m - 10. Let p(i) = h(i) - 5*q(i). Is p(-8) a composite number?
True
Let w(d) = d**3 - d + 1. Let i be w(0). Let a(x) = -24*x - 101*x - 35*x + 0 + i. Is a(-4) composite?
False
Let o = 67 + -47. Let y(f) = 15 + 7 - o - 165*f. Is y(-3) a composite number?
True
Suppose 11854 = 3*k + 5*o, -11809 = -3*k - 2*o + 6*o. Is k composite?
False
Let h = 4 - 2. Suppose 10*a - 4*u = 5*a + 1375, 0 = -h*a - 2*u + 532. Is a prime?
True
Let w(i) = i - 11. Let o be w(8). Let f(b) = b + 2. Let l be f(o). Is -3 + l*(0 - 182) a prime number?
True
Let p = 8 - 6. Let m be (6 - p)*(-18)/(-24). Suppose -m*r + 141 = 3*a, 4*r - a = 3*a + 220. Is r a prime number?
False
Let a(z) = -z. Let i be a(-2). Is ((-287)/(-14))/(i/20) a composite number?
True
Suppose k - 2 = 5*s, s - 9 = -3*k - 3. Is 160 + 1 - s/4 composite?
True
Suppose -t + 10 = 2*b, 4*b = -4*t + 3*b + 19. Suppose t*g = -2*s + 1790, 4*s - 716 = -2*g + 170. Is g a composite number?
False
Let c(i) = 68*i**2 - 17*i - 35. Is c(-6) a composite number?
True
Let u = -279189 - -397540. Is u a prime number?
False
Let o(v) = -v**3 - 5*v**2 + v + 4. Let l be o(-4). Let a(h) = -10*h - 11. Is a(l) prime?
True
Suppose -6*v - 39 = 87. Is 0 + ((-10935)/v - 6/(-21)) a composite number?
False
Let i = 40 + 52. Suppose i = -x + 501. Is x a composite number?
False
Let u(d) = d**2 + 9*d + 8. Let p be u(-9). Let o = p - 3. Suppose o*a + 5*y - 820 = 0, -y + 6*y - 5 = 0. Is a composite?
False
Let l(f) = -4*f + 445. Let q be 3*(-1)/(-1) + 12/(-4). Is l(q) composite?
True
Let c be 627/3 - (0 - -1). Suppose -4*v - 6568 = -4*x, 4*x = -2*v + c + 6330. Is x prime?
True
Is (2/3 - 0)/(124/290718) composite?
True
Let u = 6663 - -2992. Is u prime?
False
Let d = -12050 - -31390. Suppose 0 = 3*b + 7*b - d. Is b a prime number?
False
Let j be 8/5*20/8. Suppose -m = j*m - 35. Let b = m - -6. Is b composite?
False
Let f(k) = k**3 + 10*k**2 - 10*k + 17. Suppose -y = -2*q - 12 - 6, -2*q - 5*y - 42 = 0. Is f(q) a composite number?
True
Suppose -s - 29936 = -5*g, 30*s + 5991 = g + 26*s. Is g prime?
True
Let p be (3/(-9)*-4)/((-2)/(-12)). Suppose 3*t - p*t + 3565 = 0. Is t composite?
True
Let g be (-4)/(-2) + 7470/(-6). Let u = g - -1994. Is u a composite number?
False
Let o(m) be the third derivative of -13*m**6/720 + m**5/12 + m**4/8 - 7*m**2. Let b(p) be the second derivative of o(p). Is b(-9) a prime number?
True
Let b be (-25)/50 - 34/4. Is b/(-45) + (-2108)/(-10) prime?
True
Suppose -7*s + 4*s - 132 = 0. Let n(o) = -2*o**3 - 6*o**2 - o - 6. Let u be n(-5). Let j = s + u. Is j a composite number?
True
Suppose b + 3 = -y, y - 3*b = 16 + 1. Suppose 3*q - 2*q = y*c - 3432, 3*c = q + 5149. Is c a composite number?
True
Suppose 18*w - 62301 - 236553 = 0. Is w a composite number?
False
Let z = 8910 - 2939. Is z prime?
False
Let m be 94/12 - (-3)/18. Suppose -m*w + 1135 = -3*w + 5*c, 0 = 3*c - 3. Is w composite?
True
Let v(l) = -62*l + 10021. Is v(0) a composite number?
True
Is ((-52)/(-6))/((-10)/(-885)) a prime number?
False
Let j be 14 - 14 - 2/(-1). Suppose -p + 4395 = 3*x, -x - j*x + p = -4395. Is x prime?
False
Is -7970*(2 + 0)*7/(-28) prime?
False
Let q = 6 - -1. Let z(c) = 8*c**2 + 14*c - 2. Let o(b) = -7*b**2 - 12*b + 4. Let v(u) = -5*o(u) - 4*z(u). Is v(q) a composite number?
False
Let c(b) be the second derivative of -4*b + 1/20*b**5 + 0 - 3/2*b**2 + 1/6*b**3 + 0*b**4. Is c(5) a prime number?
True
Let x(z) be the first derivative of 11*z**2 + 9*z + 13. Is x(8) prime?
False
Let r = -820 - -1113. Is r prime?
True
Suppose 4*s - 11460 - 9436 = 0. Suppose 4*f = -1004 + s. Is f a composite number?
True
Let q = 30 + -37. Let u = q + 6. Is u - 0 - (5 + -185) a composite number?
False
Suppose -2*m + m + l = -496, -1981 = -4*m + 3*l. Suppose -827 = -4*f + m. Suppose 3*u - f = 51. Is u a composite number?
False
Suppose 5*l - 3*a - 4467 + 1012 = 0, 5*l - 3455 = 4*a. Is l a composite number?
False
Let w(n) = 56*n**2 - 31 + 6*n - 3*n**3 - 69*n**2 + 2*n**3. Is w(-16) a prime number?
True
Let g(o) = 22*o**3 - 4*o**2 - 5*o - 1. Let y be g(4). Suppose 0*r - 3*r = -y. Is (-1)/(-4) + r/12 a composite number?
False
Let i = -1 + 8. Let f(l) = 7*l**2 + 3*l + 8. Let t(q) = -1. Let m(k) = f(k) - t(k). Is m(i) a composite number?
False
Let u(a) = a**3 - a**2 - 33*a - 7. Is u(8) prime?
False
Suppose -53*q = -47*q + 78. Let j = -96 + 57. Let l = q - j. Is l a composite number?
True
Let m(c) = 1864*c + 21. Is m(2) composite?
True
Suppose 4*c - 6*c = 1156. Let l be -413 + (-1)/(-1 - 0). Let n = l - c. Is n composite?
True
Let b = -662 + 936. Suppose -3*x = 37 - b. Is x a composite number?
False
Suppose -2*i + 3487 = p, 10470 = -2*p + 5*p - 3*i. Suppose -3*b - 522 = -p. Is b a composite number?
True
Suppose 0 = -4*r - 79 + 611. Suppose 562 = 5*a - r. Is a a composite number?
False
Let y(b) be the third derivative of b**5/60 + 5*b**4/24 + 11*b**3/6 + 8*b**2. Is y(-8) composite?
True
Suppose -2*t = -1 + 9. Let a be (t/12)/((-4)/(-60)). Let m(y) = -80*y - 3. Is m(a) a prime number?
True
Let y(x) be the third derivative of -x**4/4 + 389*x**3/6 - 8*x**2. Is y(0) a composite number?
False
Let p = -16 - -9. Is ((-12)/21)/(-2) + (-3687)/p composite?
True
Let o(w) = w**3 + 11*w**2 - 16*w + 40. Let p be o(-13). Let y = p - -137. Is y a composite number?
False
Let c(f) be the first derivative of 11*f**2 + 11*f**2 - 7 - 3*f - 7*f. Is c(6) prime?
False
Suppose 19*s = -9*s + 1024492. Is s prime?
False
Let g(i) = 3*i**2 + 15*i + 5. Is g(-9) a prime number?
True
Suppose -20527 = 18*y - 19*y - 4*n, -5*y + 102530 = -n. Is y composite?
False
Let o(c) = 1923*c - 21. Let h be o(9). Suppose 5*l - l = -b - 5778, -4*l + h = -3*b. Is 1/3 - b/9 a prime number?
True
Is 3*-1 - -111*(-24)/(-18) composite?
True
Let m = -1063 + 194. Let h = m - -1956. Is h composite?
False
Suppose 0 = 69*t - 64*t - 46195. Is t prime?
True
Suppose 0 = -4*o - 660 - 72. Let q = -277 - o. Let w = 305 + q. Is w a composite number?
False
Let t = 24 - 21. Suppose t*q + 0*q + 29 = -4*u, -4*u - 14 = -2*q. Is ((-2)/4)/(u/1910) a prime number?
True
Let p be ((-3252)/(-15))/((-4)/(-10)). Let c = -976 + p. Let o = c - -1101. Is o a prime number?
False
Let j(x) = -117*x + 89. Is j(-4) a prime number?
True
Let u = -144 + 407. Is u a prime number?
True
Let a = -78 + 52. Let d be (-4)/a + 189/39. Suppose -19 = -d*h - 2*t, -2*h - t - 10 = -6*h. Is h prime?
True
Suppose 0 = -2*l + 5*l - 204. Let x be (-2)/((8/l)/(-2)). Suppose -455 - x = -3*y. Is y composite?
False
Suppose -2*v = -v - 7. Suppose 7*w - 21 - v = 0. Suppose -2*u + 4*h = -7*u + 786, 0 = -5*u + w*h + 794. Is u a prime number?
False
Suppose -11 = -5*v - 1. Let a = -2 - -4. Is 38/a + -2 + v composite?
False
Let z(b) = b**2 + 2*b - 2. Let t be z(-3). Suppose 7 = -x + t. Is 23 + 4*(-3)/x composite?
True
Suppose -4*l + 2641 = w - 8*l, 0 = -4*w - 5*l + 10522. Is w a composite number?
False
Suppose 0*i - 4*i = 20, 5*i = -5*a - 2635. Is (a/(-24))/(3/44) a prime number?
False
Let h = -668 - -1195. Is h composite?
True
Let k(d) = -4*d + 4. Let b be k(-8). Is 1/4 + 23499/b a prime number?
True
Let b = -87 - -88. Is 820/2 - b/((-3)/(-9)) a composite number?
True
Suppose 27*r - 62099 - 9964 = 0. Is r a prime number?
False
Let a(n) = 1116 - 14*n + 1373 + 1616 + 15*n. Let q be a(0). Suppose 5*d = 0, -5*z = -4*d + d - q. Is z prime?
True
Let a be (-14)/3 + (-1 - 20/(-12)). Is (34/51)/(a/(-1146)) composite?
False
Suppose -2*g - 2*g - 4*f + 652 = 0, -3*f = -5*g + 855. Suppose -i + 158 = -g. Is i a prime number?
False
Let p(g) be the third derivative of 0*g - 1/6*g**3 + 0 + 1/4*g**4 - 3*g**2 + 1/30*g**5. Is p(-7) prime?
False
Let w(x) = -3*x**3 - 10*x**2 + 12*x + 22. Is w(-9) prime?
True
Suppose 804 = -20*g + 21*g. Let o = g + 557. Is o a prime number?
True
Let o(u) = 8*u**3 + 6*u**2 - 6*u + 2. Suppose -f = 3*w - 6*w + 11, -w - 5*f = -9. Is o(w) prime?
False
Suppose 5*w 